 4*o - o - d. Let w(g) = -o + q - 4 - 2*g. Determine w(-7).
6
Suppose 5*n + 3 = 28. Suppose 3*h - 16 = 2*z, -4*z + n*z - 6 = -2*h. Let c(b) = -2*b**3 - b**2 - b + 1. Calculate c(z).
15
Let s = 25 + -41. Let i be (-2)/(-3)*(-72)/s. Let a(r) = -2*r**2 + 4*r - 1. Let q be a(i). Let d(h) = -h**3 - 6*h**2 + 6*h - 3. Give d(q).
4
Let w(t) = 3*t**2 + 2*t**2 - 5 - 5*t - t**3 + 9 + 2*t**2. Let o be 4/6 + (-104)/12. Let i be 4 - -3*o/(-12). Give w(i).
10
Let n(f) be the first derivative of 2*f**2 - 5*f + 98. Calculate n(8).
27
Let x(c) = -16*c + 66. Let p(h) = -3*h + 13. Let k(b) = 11*p(b) - 2*x(b). What is k(-10)?
21
Let m(n) be the first derivative of -n**4/4 - 2*n**3 - 3*n**2/2 + 9*n - 13. Let p be m(-5). Let s(k) = -k**3 + k + 1. Determine s(p).
1
Let m(y) = -9*y**3 + 3*y**2 + 2*y - 6. Let s(j) = -4*j**3 - j**2 - 1. Let i(x) = m(x) - 2*s(x). Suppose 2*b - 22 = -4*v, -3*v + 2*b = -b - 12. Calculate i(v).
6
Let m(b) be the first derivative of -b**3/3 + 3*b**2/2 - 4*b - 99. Give m(-3).
-22
Let u(i) = -2*i**3 - 4*i**2 - 5*i - 4. Let n(q) = 6*q**2 + 264*q - 3. Let h be n(-44). Determine u(h).
29
Let w(f) = f**2 + 23*f + 5. Let r be w(-23). Let c(l) = 2 - 4 + 2*l + l + l**2 + r. Calculate c(-5).
13
Let o(i) = -i + 4. Let a(j) = -j. Let y be a(-4). Let g be o(y). Let l(n) = -2609*n + 1304*n + 1306*n. Determine l(g).
0
Suppose 5*v = 2*q + 15, -4*v - 6*q + 10 = -8*q. Suppose 5*m + 5*h - 4 = h, -4*m + v*h - 5 = 0. Let g(d) = d**3 + d**2 - 2. Calculate g(m).
-2
Let v = 2108 - 2112. Let h(u) = u**2 + 4*u - 5. Determine h(v).
-5
Suppose 2*s + 0*s = 0. Let r(m) = s - 1 + 0*m - 5*m. Suppose 0 = -3*b - 2*b + 10. Calculate r(b).
-11
Let y(c) = 35*c**3 + 52*c**3 + 11*c**2 - 135*c**3 + 49*c**3 + 2. What is y(-11)?
2
Suppose -5*c + 12 = 32. Let w(t) = 3*t + 3. Let l(n) = -7*n - 6. Suppose 7*u - 10 = 12*u. Let v(d) = u*l(d) - 5*w(d). Give v(c).
1
Suppose 10 = 3*p + 7. Let b(q) = -11*q. Give b(p).
-11
Suppose -c + 2*m = -8, -10*c + 11*c = -3*m - 7. Let g(d) = d**3 + 2*d**2 + 3*d - 3. Calculate g(c).
19
Let o(j) = -2*j**2 - 2*j + 1. Let m be o(1). Let y(s) = 11*s**2 + s. Let v be y(-1). Let c(i) = -v + 2*i - 2*i + 5 - i. Determine c(m).
-2
Let r(s) = s**3 + 5*s**2 - 9*s + 3. Let z = 17 + -24. Calculate r(z).
-32
Let h(q) = q**3 - 5*q**2 + 2*q - 5. Suppose 2*j + 2 = 2*g, 3*g - 37 = -4*j - 6. Give h(g).
5
Let k(d) be the second derivative of d**4/12 + d**3/3 - 2*d**2 + 2*d + 2. Calculate k(-3).
-1
Let x(h) = h + 18. Suppose 315*v - 321*v = 42. What is x(v)?
11
Let c(s) = -10*s**2 + 26*s + 12. Let h(j) = -18*j**2 + 52*j + 23. Let r(u) = -7*c(u) + 4*h(u). What is r(13)?
8
Let o = -11 - -13. Let q(p) = 2*p + o*p**3 + 2 + p**2 - 2*p**2 - 3*p**3. Determine q(-2).
2
Let q(f) = 16*f - 2*f**2 - 16*f + 3*f**2 + 2. Suppose 5*b + 1 = -4*x + 17, 3*b - 2*x = -8. Let d be b - 3 - (4 + -4). Determine q(d).
11
Let p(j) = -j**2 + j - 1. Let i(a) = -a**3 + 10*a**2 + 2*a + 6. Let t(y) = i(y) + 5*p(y). What is t(6)?
7
Let c = 503 - 494. Let a(g) = 2*g**2 - 18*g - 4. Determine a(c).
-4
Let s(l) = -l**3 + 8*l**2 - 2*l + 10. Let m be s(8). Let x(q) = q**2 + 7*q + 2. Give x(m).
-4
Let i(m) be the third derivative of -5/6*m**3 + 2*m - 1/12*m**4 + 0 + 2*m**2. Suppose -4*n + 12 = 0, 0 = u + n + 3*n - 16. What is i(u)?
-13
Let j(w) = w**3 + 16*w**2 - 38*w - 44. Let c be j(-18). Let b(p) = 0 + 3 - 4 + 2 + 9*p + p**2. What is b(c)?
-7
Let v(r) be the third derivative of r**6/90 + r**4/24 - 4*r**3/3 - 7*r**2. Let c(y) be the first derivative of v(y). Calculate c(1).
5
Let u be (-38)/20 + 77/(-770). Let h(o) be the third derivative of o**6/120 - o**4/12 - o**3/6 - o**2. Calculate h(u).
-5
Suppose 0 = -2*p + 4*t + 2, 4*t + 0*t = -4*p + 16. Let u(z) = 3 - 9*z**p + 24*z**3 - 14*z**3 + 5*z**2. Calculate u(-5).
3
Let y(f) = 26*f - 8. Let q(h) = 22*h - 8. Let s(o) = 6*q(o) - 5*y(o). Calculate s(4).
0
Let i(m) be the first derivative of -m**4/12 + 11*m**3/6 - 7*m**2 + 12*m - 24. Let l(f) be the first derivative of i(f). Calculate l(10).
-4
Let p(l) = l**3 - 42*l**2 + 43*l - 72. Let j be p(41). Let t(a) = -a**3 + 9*a**2 + 11*a + 14. What is t(j)?
24
Let s(c) = -c**3 - 21*c**2 - 56*c - 44. Let t be s(-18). Let h(v) = v**2 + 10*v + 6. Determine h(t).
-10
Let a(b) = b**3 - 3*b**2 + 2*b + 2. Let y = -803 + 805. What is a(y)?
2
Let s(d) = d**2 + 3*d + 2. Let h be s(-3). Let j(c) = 64*c**2 - 35*c**2 - h*c - 29*c**2 + 1 + 16*c**3. Calculate j(1).
15
Let i(b) = 3*b**3 + b**2 + b + 1. Suppose 4*x + 2*u - 20 = -x, 5*x - u - 5 = 0. Suppose -o - x*o = -6. Suppose -r = -4, o*n + r + 3*r - 14 = 0. Calculate i(n).
-2
Let m(r) = -r**3 + 4*r**2 - 2*r - 3. Suppose 4*t + 0*t + 5*w - 16 = 0, -t + w = -4. What is m(t)?
-11
Let m(u) = -u**2 + 12*u**2 - 5*u - 12*u**2 + 18*u - 4 - 11*u. Give m(-6).
-52
Let o(i) = 23*i + 117. Let f(q) = 6*q + 29. Let l(r) = -11*f(r) + 3*o(r). Calculate l(-10).
2
Let t(a) = -4*a + 12. Let x be t(7). Let h = x + 23. Let v(g) = -g**2 + 6*g + 10. What is v(h)?
3
Let x(g) = -g**3 - 4*g**2 + 4*g + 5. Let q = 351 + -356. What is x(q)?
10
Let w(o) = o**3 + 22*o**2 - 18*o**2 - 7*o**2 + 0 + 2. Let h be -9 + 3/(3/2). Let u = -4 - h. What is w(u)?
2
Let o = -2 + 3. Let w(n) = 21*n - 461. Let z be w(22). Let q(c) = 73*c - 2*c**2 - z - o + c**3 - 74*c. Give q(3).
4
Let u(q) = q - 4. Let d(v) = -v + 11. Let x(t) = 2*d(t) + 7*u(t). What is x(4)?
14
Let z(r) = -r - 8. Suppose -k + 5*y = -9 - 9, 3*k = 5*y + 4. Give z(k).
-1
Let r(w) = 0*w**2 + 21 + 20*w - 50 - 42*w + 33*w + w**2. Give r(-13).
-3
Let y = 11 - 11. Suppose y = 5*h - 3*w - w - 43, 2*w = -4. Let b(u) = -5*u + 2 - u**2 - h + 4. What is b(-2)?
5
Let j(u) = -4*u - 5. Let b = -935 + 932. Determine j(b).
7
Let l(k) be the first derivative of -k**4/4 + 11*k**3/3 - 5*k**2 + 5*k + 154. Calculate l(10).
5
Let p be ((65/10)/(-13))/(1/2). Let n(v) = 11*v + 3. What is n(p)?
-8
Let l(n) be the second derivative of n**3 + 3*n**2/2 + 21*n. Determine l(-2).
-9
Let f(a) be the second derivative of a**5/20 + a**4/6 + a**3/2 + a**2/2 - 96*a. Calculate f(-2).
-5
Let s(h) = -7 - 384*h + h**2 + 189*h + 186*h. Determine s(11).
15
Let w(a) = a**2 + 7*a + 4. Let c be (54/(-24))/(1/8). Let s = c + 13. Calculate w(s).
-6
Let o(v) = 3*v**3 + 33*v**2 + 32*v + 19. Let k be o(-10). Let r(b) = -b**2 + 2*b + 2. What is r(k)?
-1
Let k(l) be the third derivative of 1/10*l**5 - 20*l**2 - 1/120*l**6 + 0*l + 0 - 1/2*l**3 - 1/24*l**4. What is k(6)?
-9
Let c(d) = -d**3 - 3*d + 2*d**3 + 4*d + d**2 + 3. Let w = -4 + 9. Let k be (-1)/4 + w/20. Determine c(k).
3
Let k = -140 + 136. Let b(z) = -6*z - 8. Give b(k).
16
Let r = 1480 + -1480. Let g(h) = -h - 6. Determine g(r).
-6
Let g(s) = -s**3 - s**2 + 7. Let a = 54 - 35. Let c = -13 + a. Suppose -7*t = -c*t. Calculate g(t).
7
Let s = 4 - 10. Let p(v) be the third derivative of -v**6/120 - 7*v**5/60 - 7*v**4/24 + v**3/3 - 2*v**2 - 30. Give p(s).
8
Let o(w) = 17*w - 107 - 7*w + 106. Calculate o(1).
9
Let t(m) = m - 2. Suppose -o = -l - 3, -o = 2*o - l - 9. Suppose -o*n - 4 = 8. Give t(n).
-6
Let a(m) be the first derivative of m**2/2 + 2*m + 1. Let q(x) = 3*x + 5. Let d(h) = 7*a(h) - 2*q(h). Suppose 0 = 7*t - 3*t. Determine d(t).
4
Let o(m) = -m**3 + 5*m**2 + 2*m - 4. Suppose -2*k - 8 = -18. Determine o(k).
6
Let d(w) = -2 + 6*w**2 + 3*w - 5*w - 4*w - w**3. Let l be (3*(-5)/(-6))/(4/8). What is d(l)?
-7
Let n(h) = 9*h**2 - 4*h + 8 - h + 0*h - h**3. What is n(8)?
32
Let w(c) = -29*c - 1. Suppose -2*j - d = -7, 11 = -14*j + 15*j + 2*d. Determine w(j).
-30
Let h(p) = -25*p + 32. Let u(l) = -9*l + 11. Let y(t) = 6*h(t) - 17*u(t). Determine y(-4).
-7
Let f(r) = 3*r**2 + 1. Suppose -2*d + 3 - 1 = 5*y, -4*y = 0. Give f(d).
4
Let g(f) = -7. Let o(x) = 2*x + 6. Let l(j) = 3*g(j) + 4*o(j). Give l(-3).
-21
Let b(d) = d + 15. Let w = -738 + 733. What is b(w)?
10
Let w(m) be the first derivative of -14 - m + 3/2*m**2. Give w(-1).
-4
Let p(x) = -25 + 26 - 4*x + 18*x. Determine p(1).
15
Suppose -p - 2*p = 3. Let d = p - -2. Let o(f) = -12*f**2 + f - 1. What is o(d)?
-12
Let w(z) = 8*z**2 - 9*z + 2. Let y(b) = 4*b**2 - 5*b + 1. Let p(g) = -3*w(g) + 5*y(g). Suppose 0 = c - 5*c + 88. Let i = 24 - c. What is p(i)?
-13
Let o(l) = -l**3 + 2*l**2 - l. Let x(n) = 6*n**3 - 12*n**2 + 9*n - 5. Let i(s) = -5*o(s) - x(s). Determine i(2).
-3
Let m(g) be the first derivative of -g